n divisor of 213 and d.
71
Let h(b) = -73*b - 2824. Let p be h(-40). Calculate the greatest common divisor of p and 1888.
32
Let o = 54 + -50. Suppose 4*s - 3 - 517 = -o*q, -124 = -s + 2*q. Calculate the highest common divisor of s and 80.
16
Let d be ((-25)/(-35) - -1) + (-4)/(-14). Suppose 0 = 3*t - d*t - 12. Let n be 3/t - (-127)/4. Calculate the greatest common divisor of 16 and n.
16
Let c be ((-6)/(-9))/(16/(-24)). Let p be ((-2)/(-8))/(c + (-10)/(-8)). Suppose p - 32 = -f. What is the highest common divisor of 93 and f?
31
Let b(w) = 2*w**3 - 9*w**2 + w - 12. Let m be b(6). Calculate the greatest common factor of 6188 and m.
34
Let x(k) = 29*k**2 - 156*k - 770. Let s be x(-5). Calculate the highest common factor of 84 and s.
21
Let v = -88 + 168. Let g be ((-4)/(-6))/(10/(-1335)). Let j = -69 - g. What is the greatest common divisor of v and j?
20
Let l = 97 - 79. Suppose 20*a = l*a - 4, 3*c = -3*a + 9. Suppose -c = -3*n + 43. Calculate the highest common divisor of 2 and n.
2
Let h(l) = -15*l**2 - 137*l - 6. Let j be h(-9). Calculate the highest common divisor of 20364 and j.
12
Suppose 0 = -2*a - 33*m + 38*m + 201, 4*m + 420 = 4*a. What is the greatest common divisor of 468 and a?
36
Suppose -3*q + 7*i - 2*i = -65, 4*i = -q - 1. Suppose -p + q*p = 140. Calculate the highest common divisor of p and 20.
10
Let f(l) = -2*l**2 + 48*l - 16. Let r be f(23). Suppose -2*v = 3*v - r. Let n be v/30 + (-228)/(-10). Calculate the greatest common divisor of n and 23.
23
Suppose 5*g + 2*c = 0, -2*g + 0 - 1 = c. Suppose g*l = -3 + 7. Suppose -2*y = -l*q + 11 + 25, -y = 3*q - 46. Calculate the highest common divisor of 160 and q.
16
Let r be (5 - 1) + (0 - -2). Let s be (30/25)/((-6)/(-60)). Let o be (56 - (-7)/(21/s)) + -6. Calculate the greatest common divisor of o and r.
6
Suppose 3*w + 4*x - 5 = 281, -5*x = -9*w + 790. Calculate the greatest common factor of w and 108.
18
Let w be (7 + -16101)*(22/8 + -3)*2. What is the highest common factor of 13 and w?
13
Suppose -160*y + 62*y + 225946 = -377048. Calculate the greatest common divisor of y and 21.
21
Let o(s) = -17*s - 3. Let x be o(-1). Suppose x = 2*i + 5*i. Suppose 156 = 8*y - i*y. What is the highest common divisor of y and 156?
26
Let l(b) = -2*b + 1. Let a be l(-2). Let u(c) = c**3 - 5*c**2 + 3*c - 8. Let i be u(a). Let t = 224 + i. What is the highest common divisor of t and 33?
33
Let f be (2/(-5))/(5/(-50)). Let k = 58 - 55. Suppose -f*q = -k*q - 17. What is the highest common divisor of 68 and q?
17
Let s = 127 + -124. Suppose -10*m = -s*m - 973. Let k = m + -103. What is the greatest common divisor of k and 48?
12
Let c(y) = 9*y**3 - 27*y**2 + 124*y - 46. Let t be c(5). Calculate the greatest common divisor of 320 and t.
64
Let s = 108 + -285. Let k = -169 - s. Suppose 0 = -2*p - p + 48. What is the highest common factor of k and p?
8
Let l(y) = -3*y**3 - 10*y**2 - 14*y + 58. Let r be l(-10). Calculate the greatest common divisor of 14 and r.
14
Let p = 87937 + -87921. Suppose x + 10 = 58. Calculate the highest common factor of x and p.
16
Suppose 25*m - 1381 = -427 + 621. Calculate the highest common divisor of m and 1407.
21
Let h be 13/(-3*(-2)/(-48)). Let o = -20 - h. Suppose -14*d = -10*d - 96. What is the greatest common factor of o and d?
12
Suppose 29 - 2 = 9*h. Suppose 2 = 2*l - 4*l, -h*o = 2*l - 4. What is the greatest common divisor of o and 6?
2
Let u = 15369 - 14635. What is the highest common divisor of 6 and u?
2
Suppose 4*h + 70 = 5*k + 235, 3*h = -5*k + 115. Let z be 1160/((-20 - -21)*(2 + -1)). Calculate the highest common factor of h and z.
40
Let s be (-299)/1*(-3 + 2). Let o = -29728 + 29751. Calculate the greatest common factor of o and s.
23
Let o(i) = -10*i**2 + 661*i + 690. Let l be o(67). Suppose -3*v - 2*v + 145 = 0. What is the highest common divisor of v and l?
29
Let r(k) = -k**3 + 36*k**2 + 42*k - 60. Let u be r(37). Calculate the greatest common divisor of u and 80.
5
Let v(z) = 4*z**2 - 181*z - 183. Let j be v(-1). Calculate the greatest common factor of 1906 and j.
2
Suppose -5*h + 34 = -4*h + 2*r, -3*h + 93 = -3*r. Let l(x) = -x + 25. Let s be l(-7). Calculate the highest common divisor of h and s.
32
Let a be (48/20)/(21/35) + 5. Let s = 86 - -7. Calculate the greatest common divisor of s and a.
3
Suppose -83 = -2*s + d, -84 - 101 = -5*s - 5*d. Suppose 6*n = 5*n + 5*k + 143, 12 = -4*k. What is the greatest common factor of n and s?
8
Suppose -3*x - 216 = -5*w, 309 = 8*w - 5*x - 36. Calculate the highest common factor of 645 and w.
15
Suppose 517 = 94*j - 990 + 285. Let y be 115/1 + 1*2. What is the highest common factor of j and y?
13
Let t(w) = 443*w - 17. Let p be t(4). Suppose -3*y + 1032 = -2*x, 5*x + p - 35 = 5*y. What is the highest common divisor of 8 and y?
8
Suppose 4*u + 20 = 24. Let r(y) = 52*y - 14. Let a be r(u). What is the greatest common factor of 4 and a?
2
Suppose -12*q + 771 = 3*k - 9*q, 5*k - 1283 = -3*q. What is the highest common divisor of 1408 and k?
128
Let k be 0 + (-12)/(-15) + 116/(-20). Let y be -10*(-10)/(k - -10). Calculate the highest common divisor of y and 130.
10
Suppose 203 = 3*z - j, -6*z + 274 = -2*z - 2*j. Let v(r) = r**2 - 4*r - 137. Let a be v(-10). Calculate the highest common factor of z and a.
3
Let n(c) = -227*c - 62. Let v be n(-1). Calculate the greatest common factor of 405 and v.
15
Suppose -4*c - 62 = -3*r + r, 0 = -c + 5*r - 11. Let v(x) = -x + 4. Let q be v(c). What is the greatest common factor of q and 16?
4
Suppose 2*b - 6476 = 8320. What is the highest common factor of b and 9?
9
Let j(c) = -4*c**2 - 5*c + 4. Let m be j(-5). Let a be 522/(-8) - (-12)/48. Let r = a - m. What is the highest common divisor of 4 and r?
2
Let m be 48/36 - 18304/(-33). What is the greatest common factor of m and 1529?
139
Suppose 41*o - 57702 = -20064. Calculate the greatest common factor of o and 414.
18
Let b = -311 + 654. Calculate the highest common factor of 49 and b.
49
Suppose 4*l + l - 7265 = -5*y, 0 = 4*l - 3*y - 5805. What is the greatest common divisor of 132 and l?
132
Suppose 4*s = 20, 3*y + 0*s = -2*s - 6470. Let l be ((-18)/(-24))/((-6)/y). What is the greatest common divisor of 30 and l?
30
Let f be (-7)/(((-45)/(-66))/(-15)). Suppose -328*l = -321*l - f. What is the highest common factor of 352 and l?
22
Suppose 0 = 13*a - 3488 - 178. Suppose 5*z - 1462 = -3*g, z + 0*z = 2*g + a. Calculate the highest common factor of z and 10.
10
Suppose d + 21*d - 220 = 0. Suppose -2*a - a = 3*m - 36, -5*m = -d. Let o(f) = f**2 + 5*f + 4. Let w be o(-6). What is the highest common factor of w and a?
10
Let a be 280/(-15)*((-9)/15)/((-9)/(-1935)). Calculate the greatest common factor of a and 56.
56
Let z(j) = -8*j + 18. Let c be (16 + -17)/(1/(-2)). Let s be z(c). Let v = 4 - 1. What is the greatest common factor of s and v?
1
Let b(c) = -6*c**2 - 55*c + 663. Let k be b(-16). Let l(g) = 37*g**3 + g**2 + g - 1. Let u be l(2). Calculate the highest common divisor of k and u.
7
Let v be ((-21)/(-14))/(2/36). Let c = v - 12. Let k be 3/(-6)*3*(-190)/c. Calculate the greatest common divisor of 95 and k.
19
Let y = -23 + 33. Let i(r) = -r**2 + 206*r + 26802. Let k be i(-86). What is the greatest common divisor of y and k?
10
Let p = -38084 + 42279. Calculate the greatest common factor of p and 10.
5
Suppose -2*l = -7*l + 200. Let n be (-2 - (-9)/(189/492))*14/3. What is the highest common factor of l and n?
20
Let j = -106 + 201. Suppose -2*i + 18 = k, 31 = 4*i + 3*k - 3. Calculate the greatest common factor of i and j.
5
Let y(s) = -12 - 22*s**3 - 2*s + 21*s**3 - 3*s - 18*s**2. Let h be y(-18). Let q = 340 + h. Calculate the highest common factor of 38 and q.
38
Let i be (-1)/5*45/9. Let y be i*(-9 + 10)*-289. What is the greatest common divisor of y and 17?
17
Let n be (1463/(-5) + 1)/((-1968)/640 + 3). What is the highest common divisor of n and 64?
16
Let r be -2 + 7 + -9 + 15. Suppose -r*i + 1013 + 802 = 0. Calculate the greatest common divisor of i and 99.
33
Let x(q) = 4*q - 64. Let k be x(18). Suppose -5*c - 3*f = -k*f - 395, 4*f + 12 = 0. Let o be 9/(-4)*c/(-57). What is the highest common divisor of 33 and o?
3
Let b = 289 + -149. Let y = -51 - -55. Let m be y/18 - (-534)/27. What is the greatest common fa